a factor of 1125250820?
False
Is 18 a factor of 11131470?
True
Is 8350 a factor of 2132675538?
False
Does 93 divide 262668270?
True
Is 42090157 even?
False
Is 1187330074 a multiple of 4606?
True
Is 90912649 a multiple of 21?
False
Does 80 divide 665509280?
True
Is 201834136 a multiple of 196?
True
Does 8 divide 11931152?
True
Is 7115244 a multiple of 2468?
True
Does 884 divide 43399096?
True
Is 75494569 a multiple of 29?
True
Does 22 divide 1444869558?
True
Does 49 divide 48836573?
False
Is 487795147 a multiple of 48?
False
Is 137 a factor of 166500210?
True
Does 121 divide 2072538?
False
Is 136 a factor of 34081872?
True
Is 1344961239 a multiple of 18?
False
Is 26490854 a multiple of 134?
False
Is 274332314 a multiple of 624?
False
Does 952 divide 31843448?
True
Is 25723308 a multiple of 39?
True
Is 802 a factor of 213018418?
True
Is 372003000 a multiple of 50?
True
Is 21 a factor of 103300470?
True
Does 31 divide 744161045?
True
Is 544341588 a multiple of 1113?
True
Is 45 a factor of 9285165?
True
Is 909691364 a multiple of 837?
False
Is 704275 a multiple of 59?
False
Is 4 a factor of 366874278?
False
Is 6277 a factor of 1664001315?
True
Is 71585087 even?
False
Does 11 divide 10229460?
False
Is 14 a factor of 1857585610?
False
Is 1323 a factor of 240834951?
True
Is 1890468 a multiple of 12?
True
Is 210741336 a multiple of 75?
False
Does 14 divide 9855839?
False
Is 17346010 a multiple of 710?
True
Is 35588174 a multiple of 1959?
False
Is 16514387 a multiple of 9?
False
Is 600546474 a multiple of 1782?
True
Is 56825472 a multiple of 8?
True
Is 10197162 a multiple of 1500?
False
Does 21 divide 136974579?
True
Is 4 a factor of 21811516?
True
Is 14 a factor of 245937?
False
Does 3 divide 193071289?
False
Is 8443667 a multiple of 59?
True
Does 4647 divide 6260399592?
False
Is 302012525 a multiple of 8?
False
Is 187 a factor of 251842063?
True
Does 13 divide 344860464?
True
Does 117 divide 2443110461?
False
Is 3727560560 a multiple of 11?
False
Is 616270644 a multiple of 99?
True
Does 92 divide 52563339?
False
Does 1018 divide 192472242?
True
Does 5 divide 1964935?
True
Does 289 divide 49272766?
True
Is 24278346 a multiple of 460?
False
Is 3081 a factor of 16144440?
True
Is 1948079283 a multiple of 1853?
True
Is 309846660 a multiple of 30?
True
Does 631 divide 71354111?
True
Is 15 a factor of 395950954?
False
Is 13238109 a multiple of 237?
True
Is 405153579 a multiple of 317?
True
Does 774 divide 80985942?
True
Is 4583 a factor of 498218677?
False
Does 33 divide 428103819?
True
Is 2144200400 a multiple of 25?
True
Does 21 divide 1376798820?
False
Is 494 a factor of 118162824?
True
Is 7123274 a multiple of 206?
True
Does 1467 divide 592798073?
False
Is 50306334 a multiple of 327?
True
Is 328 a factor of 75409824?
True
Is 926 a factor of 607872700?
True
Is 6882 a factor of 1078051536?
True
Is 552724722 a multiple of 18?
True
Is 393 a factor of 235816899?
True
Is 857446118 a multiple of 3422?
False
Does 24 divide 1841484118?
False
Is 3231511 even?
False
Does 2 divide 1168934?
True
Does 44 divide 128990924?
False
Does 12 divide 3650160?
True
Is 11 a factor of 341176231?
True
Is 24 a factor of 39889560?
True
Is 303 a factor of 27503213?
False
Does 582 divide 30612282?
False
Is 5 a factor of 10173695?
True
Does 728 divide 9751409?
False
Is 26 a factor of 28567033?
False
Does 173 divide 206294790?
False
Is 112 a factor of 5703812366?
False
Is 6159699 a multiple of 2?
False
Does 1834 divide 64380736?
True
Is 24 a factor of 126646368?
True
Is 4709 a factor of 664191976?
False
Is 867 a factor of 16254639?
False
Is 13 a factor of 95399879?
False
Is 20297135 a multiple of 12?
False
Does 16 divide 1786872?
False
Does 106 divide 989160200?
True
Does 81 divide 36089712?
True
Does 71 divide 421808364?
False
Does 66 divide 13729486?
False
Is 1824 a factor of 1235127072?
True
Is 2822545922 a multiple of 122?
False
Is 78603414 a multiple of 31?
True
Does 1120 divide 17199840?
True
Does 16 divide 1552825200?
True
Is 5 a factor of 14995797?
False
Does 23 divide 3938750?
True
Is 86725975 a multiple of 5?
True
Does 39 divide 138994751?
False
Does 1275 divide 75384375?
True
Is 4 a factor of 153607284?
True
Does 98 divide 176421520?
False
Does 14 divide 196962836?
True
Is 719955068 a multiple of 266?
True
Does 184 divide 826123016?
True
Is 1317817397 a multiple of 71?
False
Is 109 a factor of 742158?
False
Is 392 a factor of 444332784?
True
Is 18465394 a multiple of 1976?
False
Is 120560616 a multiple of 8?
True
Does 3 divide 21090411?
True
Is 247532400 a multiple of 45?
True
Does 12 divide 4434203350?
False
Is 1039736016 a multiple of 909?
True
Is 383873851 a multiple of 47?
False
Does 10 divide 97892205?
False
Does 3 divide 19790693?
False
Does 24 divide 593999569?
False
Does 1377 divide 7709714?
False
Does 168 divide 22616328?
True
Is 82 a factor of 145588294?
True
Is 26 a factor of 134711694?
True
Does 24 divide 72244056?
True
Is 2523 a factor of 186754983?
True
Is 7002925 a multiple of 3205?
True
Is 783604397 a multiple of 301?
False
Does 14 divide 3806264?
True
Is 1358205696 a multiple of 24?
True
Is 58 a factor of 182686675?
False
Does 11169 divide 2394644769?
True
Is 3690309898 a multiple of 8618?
False
Is 127 a factor of 679020601?
False
Does 2411 divide 1113100982?
False
Does 62 divide 18107348?
True
Is 897 a factor of 1799506683?
True
Does 1309 divide 5336793?
True
Is 645 a factor of 325274790?
True
Is 66 a factor of 1099201752?
True
Does 55 divide 455620330?
True
Is 32 a factor of 22065760?
True
Is 785486030 a multiple of 3206?
True
Is 626 a factor of 18529368?
False
Is 50629028 a multiple of 514?
False
Is 24 a factor of 678888603?
False
Is 667516627 a multiple of 36?
False
Is 52 a factor of 2292999886?
False
Does 73 divide 8587831?
False
Does 6764 divide 615227432?
False
Does 364 divide 6763120?
True
Is 525956051 a multiple of 13?
False
Is 148301410 a multiple of 3562?
False
Does 1802 divide 129551243?
False
Is 55955067 a multiple of 47?
False
Is 58297458 a multiple of 921?
True
Does 3 divide 4106364?
True
Is 77175425 a multiple of 154?
False
Is 96812606 a multiple of 11?
True
Is 150 a factor of 2004734100?
True
Is 12 a factor of 860233857?
False
Does 76 divide 331122133?
False
Does 36 divide 57448060?
False
Is 181 a factor of 25918114?
True
Is 171 a factor of 11339514?
False
Is 160 a factor of 226321120?
True
Is 55885926 a multiple of 42?
False
Does 2631 divide 893492862?
True
Is 402 a factor of 28246530?
True
Is 2841 a factor of 31870338?
True
Is 67785178 a multiple of 17?
False
Is 25 a factor of 1051685624?
False
Is 26 a factor of 116346557?
False
Does 14 divide 326571981?
False
Is 1483895562 a multiple of 970?
False
Is 331281116 a multiple of 15?
False
Does 395 divide 17019502?
False
Is 100 a factor of 405138810?
False
Is 186 a factor of 20454045?
False
Is 25 a factor of 421144275?
True
Does 351 divide 4650925543?
False
Is 1228 a factor of 2372084620?
True
Does 2435 divide 585792820?
True
Is 778 a factor of 448201132?
True
Does 4 divide 16197409?
False
Is 5402046 a multiple of 39?
True
Is 85 a factor of 7473795?
True
Is 2111827350 a multiple of 10110?
True
Is 13635825 a multiple of 57?
True
Is 1035234496 a multiple of 16?
True
Does 12 divide 273738204?
True
Is 3302944 a multiple of 8?
True
Does 840 divide 6110160?
True
Is 22130559 a multiple of 35?
False
Does 62 divide 58787842?
True
Is 15745 a factor of 2715783504?
False
Is 362 a factor of 16087280?
True
Is 101432543 a multiple of 779?
False
Is 830 a factor of 48863760?
True
Does 1518 divide 2012125698?
True
Does 413 divide 104415073?
True
Does 3401 divide 833853779?
True
Is 26579280 a multiple of 140?
True
Is 2731 a factor of 559174693?
False
Does 2498 divide 418418193?
False
Is 319002 a multiple of 79?
True
Does 21 divide 13395151?
False
Is 7 a factor of 3599477?
True
Is 14 a factor of 1710751629?
False
Is 10008 a factor of 3586622461?
False
Does 6 divide 158875225?
False
Does 318 divide 142838849?
False
Does 55 divide 4462920?
True
Is 59522483 a multiple of 11?
False
Does 614 divide 640042834?
False
Is 1311901779 a multiple of 896?
False
Does 921 divide 274054602?
True
Does 5129 divide 225434937?
True
Does 301 divide 67276135?
False
Is 1123143 a multiple of 19?
False
Does 5 divide 8842930?
True
Do